 101
List the prime factors of 3594.
2, 3, 599
List the prime factors of 11386.
2, 5693
List the prime factors of 1278.
2, 3, 71
List the prime factors of 4287.
3, 1429
List the prime factors of 10559.
10559
What are the prime factors of 1609?
1609
List the prime factors of 10336.
2, 17, 19
List the prime factors of 11836.
2, 11, 269
What are the prime factors of 851?
23, 37
List the prime factors of 3665.
5, 733
List the prime factors of 1850.
2, 5, 37
List the prime factors of 5394.
2, 3, 29, 31
List the prime factors of 2535.
3, 5, 13
What are the prime factors of 29892?
2, 3, 47, 53
What are the prime factors of 836?
2, 11, 19
List the prime factors of 625.
5
List the prime factors of 99343.
41, 2423
List the prime factors of 1204.
2, 7, 43
What are the prime factors of 271?
271
List the prime factors of 280.
2, 5, 7
List the prime factors of 3208.
2, 401
List the prime factors of 9658.
2, 11, 439
List the prime factors of 1222.
2, 13, 47
List the prime factors of 3625.
5, 29
What are the prime factors of 76?
2, 19
What are the prime factors of 4878?
2, 3, 271
What are the prime factors of 13986?
2, 3, 7, 37
List the prime factors of 1286.
2, 643
What are the prime factors of 28064?
2, 877
What are the prime factors of 3515?
5, 19, 37
List the prime factors of 19736.
2, 2467
What are the prime factors of 22982?
2, 11491
List the prime factors of 2659.
2659
List the prime factors of 3747.
3, 1249
What are the prime factors of 2509?
13, 193
What are the prime factors of 684?
2, 3, 19
List the prime factors of 6979.
7, 997
List the prime factors of 1736.
2, 7, 31
List the prime factors of 7638.
2, 3, 19, 67
What are the prime factors of 4158?
2, 3, 7, 11
List the prime factors of 13447.
7, 17, 113
List the prime factors of 1107.
3, 41
List the prime factors of 3606.
2, 3, 601
List the prime factors of 101670.
2, 3, 5, 3389
What are the prime factors of 3137?
3137
List the prime factors of 26374.
2, 13187
What are the prime factors of 522?
2, 3, 29
List the prime factors of 6788.
2, 1697
List the prime factors of 470.
2, 5, 47
What are the prime factors of 1972?
2, 17, 29
List the prime factors of 2094.
2, 3, 349
What are the prime factors of 11468?
2, 47, 61
List the prime factors of 952.
2, 7, 17
What are the prime factors of 5368?
2, 11, 61
What are the prime factors of 10405?
5, 2081
What are the prime factors of 987?
3, 7, 47
What are the prime factors of 83?
83
What are the prime factors of 13656?
2, 3, 569
List the prime factors of 57520.
2, 5, 719
What are the prime factors of 3775?
5, 151
List the prime factors of 67315.
5, 13463
List the prime factors of 1539.
3, 19
What are the prime factors of 208?
2, 13
List the prime factors of 469.
7, 67
List the prime factors of 58392.
2, 3, 811
What are the prime factors of 991?
991
What are the prime factors of 1434?
2, 3, 239
List the prime factors of 15695.
5, 43, 73
What are the prime factors of 1625?
5, 13
List the prime factors of 1425.
3, 5, 19
List the prime factors of 5315.
5, 1063
What are the prime factors of 2762?
2, 1381
List the prime factors of 26633.
26633
What are the prime factors of 3024?
2, 3, 7
What are the prime factors of 2163?
3, 7, 103
List the prime factors of 61300.
2, 5, 613
List the prime factors of 3836.
2, 7, 137
What are the prime factors of 117?
3, 13
What are the prime factors of 8358?
2, 3, 7, 199
What are the prime factors of 3570?
2, 3, 5, 7, 17
List the prime factors of 4639.
4639
What are the prime factors of 123367?
19, 43, 151
List the prime factors of 21561.
3, 7187
List the prime factors of 753.
3, 251
What are the prime factors of 10392?
2, 3, 433
List the prime factors of 2360.
2, 5, 59
List the prime factors of 386.
2, 193
List the prime factors of 9650.
2, 5, 193
What are the prime factors of 5061?
3, 7, 241
List the prime factors of 13068.
2, 3, 11
What are the prime factors of 48150?
2, 3, 5, 107
List the prime factors of 25045.
5, 5009
List the prime factors of 2183.
37, 59
What are the prime factors of 7569?
3, 29
List the prime factors of 2405.
5, 13, 37
What are the prime factors of 121793?
7, 127, 137
What are the prime factors of 952?
2, 7, 17
What are the prime factors of 159?
3, 53
List the prime factors of 8890.
2, 5, 7, 127
List the prime factors of 378.
2, 3, 7
What are the prime factors of 2896?
2, 181
List the prime factors of 13572.
2, 3, 13, 29
What are the prime factors of 82370?
2, 5, 8237
List the prime factors of 794.
2, 397
List the prime factors of 105123.
3, 67, 523
What are the prime factors of 417?
3, 139
List the prime factors of 3336.
2, 3, 139
List the prime factors of 105053.
13, 8081
List the prime factors of 3320.
2, 5, 83
List the prime factors of 10344.
2, 3, 431
What are the prime factors of 68872?
2, 8609
List the prime factors of 166463.
11, 37, 409
List the prime factors of 6015.
3, 5, 401
What are the prime factors of 1092?
2, 3, 7, 13
List the prime factors of 1091.
1091
What are the prime factors of 696?
2, 3, 29
What are the prime factors of 3687?
3, 1229
What are the prime factors of 1262?
2, 631
List the prime factors of 1718.
2, 859
What are the prime factors of 7744?
2, 11
What are the prime factors of 2155?
5, 431
What are the prime factors of 2975?
5, 7, 17
List the prime factors of 31317.
3, 11, 13, 73
What are the prime factors of 33?
3, 11
List the prime factors of 551.
19, 29
What are the prime factors of 6856?
2, 857
List the prime factors of 7562.
2, 19, 199
List the prime factors of 8174.
2, 61, 67
List the prime factors of 102156.
2, 3, 8513
What are the prime factors of 21006?
2, 3, 389
What are the prime factors of 1000?
2, 5
List the prime factors of 69276.
2, 3, 23, 251
What are the prime factors of 4431?
3, 7, 211
What are the prime factors of 1535?
5, 307
What are the prime factors of 39721?
11, 23, 157
What are the prime factors of 29162?
2, 7, 2083
What are the prime factors of 2195?
5, 439
List the prime factors of 472.
2, 59
List the prime factors of 4893.
3, 7, 233
What are the prime factors of 824?
2, 103
What are the prime factors of 6216?
2, 3, 7, 37
What are the prime factors of 27913?
103, 271
What are the prime factors of 1033?
1033
What are the prime factors of 46053?
3, 7, 17, 43
What are the prime factors of 493?
17, 29
What are the prime factors of 38573?
17, 2269
List the prime factors of 3680.
2, 5, 23
What are the prime factors of 2909?
2909
What are the prime factors of 92792?
2, 7, 1657
What are the prime factors of 446?
2, 223
List the prime factors of 12396.
2, 3, 1033
What are the prime factors of 346?
2, 173
List the prime factors of 45485.
5, 11, 827
What are the prime factors of 71572?
2, 29, 617
What are the prime factors of 2241?
3, 83
What are the prime factors of 5086?
2, 2543
List the prime factors of 815.
5, 163
List the prime factors of 798.
2, 3, 7, 19
List the prime factors of 1004.
2, 251
List the prime factors of 1368.
2, 3, 19
What are the prime factors of 79862?
2, 73, 547
List the prime factors of 69792.
2, 3, 727
List the prime factors of 84724.
2, 59, 359
What are the prime factors of 219?
3, 73
List the prime factors of 3141.
3, 349
What are the prime factors of 4708?
2, 11, 107
List the prime factors of 33494.
2, 16747
What are the prime factors of 26993?
26993
List the prime factors of 2240.
2, 5, 7
What are the prime factors of 100544?
2, 1571
What are the prime factors of 3908?
2, 977
What are the prime factors of 24185?
5, 7, 691
List the prime factors of 2634.
2, 3, 439
What are the prime factors of 1367?
1367
What are the prime factors of 12220?
2, 5, 13, 47
List the prime factors of 3456.
2, 3
List the prime factors of 11393.
11393
List the prime factors of 12022.
2, 6011
What are the prime factors of 773?
773
List the prime factors of 16652.
2, 23, 181
List the prime factors of 8159.
41, 199
List the prime factors of 11837.
7, 19, 89
List the prime factors of 1104.
2, 3, 23
What are the prime factors of 19713?
3, 6571
List the prime factors of 35625.
3, 5, 19
List the prime factors of 6679.
6679
List the prime factors of 38080.
2, 5, 7, 17
What are the prime factors of 26041?
26041
List the prime factors of 6633.
3, 11, 67
What are the prime factors of 1997?
1997
List the prime factors of 1509.
3, 503
List the prime factors of 245